ase 15) to base 2.
1001100011111100011
What is -2315345 (base 7) in base 6?
-10114355
16b84c (base 13) to base 2
10001010101110110010
22110220122 (base 4) to base 11
1589021
Convert -233033 (base 4) to base 9.
-4128
1364252 (base 10) to base 11
851a8a
Convert 1877a (base 11) to base 15.
7b83
-11003101010 (base 4) to base 7
-14153231
What is -33303022003 (base 4) in base 12?
-1478997
-cb1cc (base 15) to base 5
-131120132
Convert 5b6c (base 14) to base 10.
15972
What is -2187ad (base 15) in base 14?
-2d858d
What is -46760 (base 13) in base 4?
-133122233
What is 341ca (base 14) in base 3?
20102122211
1e5bc6 (base 16) to base 2
111100101101111000110
Convert 1110212021 (base 3) to base 16.
7183
Convert e173 (base 16) to base 15.
1217a
3434303222 (base 5) to base 15
a29e27
What is 101000100110100110 (base 2) in base 8?
504646
What is -68826a (base 15) in base 8?
-23017600
What is 7754222 (base 8) in base 11?
11a6046
Convert 11045545 (base 6) to base 10.
333065
Convert -1200021111120 (base 3) to base 14.
-192ad6
What is 34140033 (base 5) in base 8?
1116666
121334004 (base 6) to base 4
20310333310
What is -27357666 (base 8) in base 4?
-113131332312
Convert 19675 (base 15) to base 10.
82460
10226612 (base 7) to base 11
540416
Convert -26386f (base 16) to base 9.
-4636857
Convert -1201332003 (base 4) to base 9.
-671410
-494ca3 (base 13) to base 9
-3261806
-1228060 (base 10) to base 12
-4b2824
12010101011012 (base 3) to base 9
5111135
Convert 12526 (base 14) to base 9.
67548
Convert 69362 (base 11) to base 7.
565202
Convert -121021102112122 (base 3) to base 14.
-12120b9
Convert -84645 (base 10) to base 14.
-22bc1
What is -34114330 (base 5) in base 11?
-196342
What is -a8bb5 (base 12) in base 10?
-222905
-4a67149 (base 12) to base 5
-12212201334
-28063177 (base 9) to base 3
-222002010012121
Convert -630040 (base 9) to base 11.
-236002
4495294 (base 10) to base 11
25a0421
4133040 (base 5) to base 16
10937
What is -32550424 (base 8) in base 15?
-934295
-11600 (base 9) to base 5
-222101
Convert -263249a (base 12) to base 16.
-72eb36
What is -12232203102 (base 4) in base 15?
-24c7e3
-31401a (base 12) to base 2
-10111101000000010110
Convert -2025b (base 13) to base 7.
-326513
1274252 (base 11) to base 7
24500110
-44105356 (base 7) to base 15
-4eb06d
Convert -10200122112 (base 3) to base 16.
-11bc4
What is 53515333 (base 6) in base 13?
43482c
Convert -716b3 (base 16) to base 15.
-929ad
101000100010000111 (base 2) to base 3
22102202000
4704117 (base 8) to base 2
100111000100001001111
What is 1c574 (base 16) in base 7?
662303
5991959 (base 10) to base 13
131a44c
11113222031 (base 4) to base 10
1407629
Convert 135089 (base 13) to base 4.
1302101222
What is c2121 (base 14) in base 15?
9343a
Convert -1970c3 (base 15) to base 10.
-1238808
Convert -366303 (base 15) to base 8.
-11733463
Convert -321203033 (base 4) to base 5.
-30020402
-244042313 (base 5) to base 6
-40502043
What is -465548 (base 9) in base 4?
-1010101220
Convert 35569 (base 10) to base 4.
20223301
Convert -110111100001001001111 (base 2) to base 15.
-25e060
Convert -30023333 (base 4) to base 8.
-141377
Convert 92a5140 (base 11) to base 14.
2275a4d
Convert e4c07 (base 15) to base 13.
1c4c8c
Convert a83648 (base 12) to base 16.
2897d8
a9cca (base 15) to base 6
15321431
1233310003 (base 4) to base 14
bcc95
Convert -60c708 (base 13) to base 14.
-429c9b
What is 256414133 (base 7) in base 4?
332221311131
Convert 4448328 (base 10) to base 6.
235202040
Convert -6046d (base 15) to base 6.
-10310521
What is -4103571 (base 8) in base 16?
-108779
23808 (base 11) to base 10
34251
What is -34c41 (base 15) in base 16?
-290c8
-5869878 (base 10) to base 8
-26310466
Convert 1310561 (base 7) to base 10.
170759
Convert 1001110101010011101000 (base 2) to base 14.
4b1532
Convert 11316a (base 13) to base 5.
101003302
Convert 31293 (base 16) to base 10.
201363
Convert -1100110001000111101 (base 2) to base 12.
-182139
Convert 752c47 (base 13) to base 11.
1607959
Convert 11424346 (base 7) to base 3.
1220120000021
What is 90872 (base 11) in base 6?
2502520
What is 38290 (base 14) in base 8?
414766
Convert -c1ab6a (base 14) to base 5.
-3132200434
Convert -1254422 (base 7) to base 3.
-22101010122
1100200110 (base 3) to base 8
64166
Convert -556929 (base 10) to base 7.
-4506462
Convert -150781 (base 9) to base 7.
-533443
What is 101111011000110101110 (base 2) in base 3?
2220220001122
What is -132106661 (base 7) in base 15?
-b2a805
What is 101210211001111 (base 3) in base 14?
a97339
Convert 3745b (base 13) to base 15.
20279
What is -16636879 (base 10) in base 9?
-34266451
-410455 (base 6) to base 13
-11aa1
Convert 100220211211 (base 3) to base 13.
6ab4c
What is -27217 (base 9) in base 11?
-12910
Convert -2143024 (base 6) to base 5.
-11410221
-111000001021 (base 3) to base 7
-2114050
-243733 (base 8) to base 6
-1444323
501357 (base 9) to base 14
79d81
What is -6057cc (base 13) in base 12?
-900426
Convert -21120200011 (base 3) to base 12.
-7241a
Convert 43105515 (base 6) to base 12.
51229b
Convert -162166 (base 8) to base 9.
-88204
What is 133aa5 (base 12) in base 9?
533828
Convert -1b50b (base 13) to base 9.
-81447
-13d830 (base 14) to base 13
-1b22c2
What is 13210020330 (base 4) in base 3?
10201202012210
Convert 4014041020 (base 5) to base 4.
132112110300
What is 1261102 (base 7) in base 8?
504257
What is -31573 (base 10) in base 8?
-75525
What is 396c51 (base 13) in base 11?
867526
What is 101010110011010111001010 (base 2) in base 11?
6374088
58c6a (base 13) to base 8
475301
Convert 2112333314 (base 5) to base 2.
10000110110100110100111
-cd30a4 (base 16) to base 13
-2a2aa02
4ab82a (base 12) to base 15
192507
What is -132021 (base 8) in base 14?
-12b29
10113044 (base 5) to base 11
568a5
What is -5c053 (base 13) in base 3?
-22121011001
-1026540 (base 7) to base 11
-85829
c3589 (base 13) to base 12
14a861
What is 14d48f (base 16) in base 2?
101001101010010001111
-110202122020 (base 3) to base 10
-251241
-101886 (base 9) to base 2
-1110110001011000
What is 240134430 (base 5) in base 4?
10030121211
Convert 1221221104 (base 5) to base 13.
7b0406
Convert 1321158 (base 9) to base 16.
b068d
Convert 11123111130 (base 4) to base 11.
89197a
77b71 (base 16) to base 9
826566
-27a136 (base 16) to base 13
-6cc1b8
-14441001 (base 6) to base 13
-147c94
Convert -1036670 (base 8) to base 7.
-2235222
-1c2a46 (base 14) to base 16
-f5af6
What is 5e5d6b (base 16) in base 7?
103365012
Convert 205300353 (base 6) to base 5.
1411202411
Convert -54020447 (base 8) to base 7.
-200053355
-2a8199 (base 16) to base 3
-12020112020200
-1101010122110 (base 3) to base 15
-e6889
-26114130 (base 7) to base 8
-11033776
Convert -f3986 (base 16) to base 5.
-223412031
-10011011110101101011 (base 2) to base 3
-1012102121022
Convert 1212212012022 (base 3) to base 9.
1785168
-1386929 (base 13) to base 7
-103363622
Convert 11111011101000 (base 2) to base 6.
202320
What is 30547c (base 13) in base 10?
1125643
33030232023 (base 4) to base 11
2281491
What is -532504 (base 8) in base 9?
-300405
b88762 (base 12) to base 3
12111020200002
3330110 (base 6) to base 5
20322401
499b14 (base 12) to base 5
301332404
What is -72ea7c (base 15) in base 13?
-1195215
What is -808619 (base 11) in base 6?
-43505334
What is -110001110111111 (base 2) in base 4?
-12032333
6a8e4 (base 15) to base 11
21209a
What is 4507216 (base 8) in base 4?
10220322032
-1222754 (base 8) to base 6
-11121552
-c219a (base 15) to base 7
-5136616
Convert -64140453 (base 7) to base 6.
-312322123
2274307 (base 11) to base 14
756069
What is 11101222210 (base 3) in base 6?
1505333
-2144320 (base 7) to base 8
-1002112
What is -1104368 (base 10) in base 3?
-2002002220112
What is -124990 (base 13) in base 14?
-b5cdb
Convert 100011100000110 (base 2) to base 9.
26842
Convert -92829 (base 11) to base 12.
-6645a
2321220322 (base 4) to base 12
30804a
What is 2643153 (base 9) in base 2?
101100000111101101000
Convert -1885b13 (base 12) to base 2.
-10011101001111111111111
What is -34615323 (base 7) in base 4?
-23213233023
Convert -1077132 (base 13) to base 6.
-300024033
78a47 (base 14) to base 10
292887
-88b96 (base 14) to base 10
-331568
13567263 (base 8) to base 14
5a0c95
What is -2110012 (base 5) in base 12?
-18313
Convert 4a823 (